{"id":1175,"date":"2021-10-11T16:53:05","date_gmt":"2021-10-11T14:53:05","guid":{"rendered":"http:\/\/www.bdfil.ch\/boutique\/?post_type=product&#038;p=1175"},"modified":"2024-12-19T12:57:22","modified_gmt":"2024-12-19T10:57:22","slug":"illugraphie-anouk-ricard-2021","status":"publish","type":"product","link":"https:\/\/bdfil.ch\/boutique\/produit\/illugraphie-anouk-ricard-2021\/","title":{"rendered":"Illugraphie Anouk Ricard 2021"},"content":{"rendered":"<p><strong>Anouk Ricard, <em>Mona L\u00f4zane <\/em>(<em>Joconde<\/em>,\u00a0BDFIL 2021)<\/strong><\/p>\n<p>Illugraphie sur Materica Limestone 180 gm2, 420 x 310 mm<br \/>\ntir\u00e9e \u00e0 75 exemplaires (+XXV) sur les presses de Roger Emmenegger (Datatype SA, Lausanne)<br \/>\njustifi\u00e9e et sign\u00e9e par l\u2019artiste<\/p>\n","protected":false},"excerpt":{"rendered":"<p>Anouk Ricard, Mona L\u00f4zane (Joconde,\u00a0BDFIL 2021) Illugraphie sur Materica Limestone 180 gm2, 420 x 310 mm tir\u00e9e \u00e0 75 exemplaires (+XXV) sur les presses de Roger Emmenegger (Datatype SA, Lausanne) justifi\u00e9e et sign\u00e9e par l\u2019artiste<\/p>\n","protected":false},"featured_media":1176,"comment_status":"open","ping_status":"closed","template":"","meta":[],"_links":{"self":[{"href":"https:\/\/bdfil.ch\/boutique\/wp-json\/wp\/v2\/product\/1175"}],"collection":[{"href":"https:\/\/bdfil.ch\/boutique\/wp-json\/wp\/v2\/product"}],"about":[{"href":"https:\/\/bdfil.ch\/boutique\/wp-json\/wp\/v2\/types\/product"}],"replies":[{"embeddable":true,"href":"https:\/\/bdfil.ch\/boutique\/wp-json\/wp\/v2\/comments?post=1175"}],"wp:featuredmedia":[{"embeddable":true,"href":"https:\/\/bdfil.ch\/boutique\/wp-json\/wp\/v2\/media\/1176"}],"wp:attachment":[{"href":"https:\/\/bdfil.ch\/boutique\/wp-json\/wp\/v2\/media?parent=1175"}],"curies":[{"name":"wp","href":"https:\/\/api.w.org\/{rel}","templated":true}]}}