{"id":1295,"date":"2023-04-22T16:04:49","date_gmt":"2023-04-22T14:04:49","guid":{"rendered":"https:\/\/bdfil.ch\/boutique\/?post_type=product&#038;p=1295"},"modified":"2023-06-13T15:31:24","modified_gmt":"2023-06-13T13:31:24","slug":"affiche-2023-bdfil-penelope-bagieu","status":"publish","type":"product","link":"https:\/\/bdfil.ch\/boutique\/produit\/affiche-2023-bdfil-penelope-bagieu\/","title":{"rendered":"Affiche 2023 BDFIL &#8211; P\u00e9n\u00e9lope Bagieu"},"content":{"rendered":"<p><strong>Affiche BDFIL 2023 &#8211; 17e \u00e9dition<\/strong><br \/>\nDessin\u00e9e par P\u00e9n\u00e9lope Bagieu, Invit\u00e9e d&rsquo;honneur.<\/p>\n<p>Diff\u00e9rents formats \u00e0 choix : F4, A2 ou A3<\/p>\n","protected":false},"excerpt":{"rendered":"<p><strong>Affiche BDFIL 2023 &#8211; 17e \u00e9dition<br \/>\n<\/strong>Dessin\u00e9e par P\u00e9n\u00e9lope Bagieu, Invit\u00e9e d&rsquo;honneur<\/p>\n","protected":false},"featured_media":1299,"comment_status":"open","ping_status":"closed","template":"","meta":[],"_links":{"self":[{"href":"https:\/\/bdfil.ch\/boutique\/wp-json\/wp\/v2\/product\/1295"}],"collection":[{"href":"https:\/\/bdfil.ch\/boutique\/wp-json\/wp\/v2\/product"}],"about":[{"href":"https:\/\/bdfil.ch\/boutique\/wp-json\/wp\/v2\/types\/product"}],"replies":[{"embeddable":true,"href":"https:\/\/bdfil.ch\/boutique\/wp-json\/wp\/v2\/comments?post=1295"}],"wp:featuredmedia":[{"embeddable":true,"href":"https:\/\/bdfil.ch\/boutique\/wp-json\/wp\/v2\/media\/1299"}],"wp:attachment":[{"href":"https:\/\/bdfil.ch\/boutique\/wp-json\/wp\/v2\/media?parent=1295"}],"curies":[{"name":"wp","href":"https:\/\/api.w.org\/{rel}","templated":true}]}}