{"id":1449,"date":"2024-05-22T10:05:20","date_gmt":"2024-05-22T08:05:20","guid":{"rendered":"https:\/\/bdfil.ch\/boutique\/?post_type=product&#038;p=1449"},"modified":"2024-05-22T10:12:41","modified_gmt":"2024-05-22T08:12:41","slug":"affiche-2024-bdfil-elodie-shanta","status":"publish","type":"product","link":"https:\/\/bdfil.ch\/boutique\/produit\/affiche-2024-bdfil-elodie-shanta\/","title":{"rendered":"Affiche 2024 BDFIL &#8211; Elodie Shanta"},"content":{"rendered":"<p><strong>Bulles aux \u00e9clats<\/strong><\/p>\n<p>Affiche th\u00e9matique de l\u2019\u00e9dition 2024 de BDFIL, dessin\u00e9e par Elodie Shanta.<\/p>\n<p>Format F4 uniquement<\/p>\n","protected":false},"excerpt":{"rendered":"<p><strong>Bulles aux \u00e9clats<br \/>\n<\/strong>Dessin\u00e9e par Elodie Shanta<br \/>\nTh\u00e9matique annuelle de la 18\u00e8me \u00e9dition de BDFIL<\/p>\n","protected":false},"featured_media":1452,"comment_status":"open","ping_status":"closed","template":"","meta":[],"_links":{"self":[{"href":"https:\/\/bdfil.ch\/boutique\/wp-json\/wp\/v2\/product\/1449"}],"collection":[{"href":"https:\/\/bdfil.ch\/boutique\/wp-json\/wp\/v2\/product"}],"about":[{"href":"https:\/\/bdfil.ch\/boutique\/wp-json\/wp\/v2\/types\/product"}],"replies":[{"embeddable":true,"href":"https:\/\/bdfil.ch\/boutique\/wp-json\/wp\/v2\/comments?post=1449"}],"wp:featuredmedia":[{"embeddable":true,"href":"https:\/\/bdfil.ch\/boutique\/wp-json\/wp\/v2\/media\/1452"}],"wp:attachment":[{"href":"https:\/\/bdfil.ch\/boutique\/wp-json\/wp\/v2\/media?parent=1449"}],"curies":[{"name":"wp","href":"https:\/\/api.w.org\/{rel}","templated":true}]}}