{"id":16,"date":"2012-03-29T08:35:02","date_gmt":"2012-03-29T06:35:02","guid":{"rendered":"http:\/\/www.bdfil.ch\/boutique\/?post_type=product&#038;p=16"},"modified":"2018-09-27T11:44:37","modified_gmt":"2018-09-27T09:44:37","slug":"andre-juillard","status":"publish","type":"product","link":"https:\/\/bdfil.ch\/boutique\/produit\/andre-juillard\/","title":{"rendered":"Catalogue \u00ab\u00a0Andr\u00e9 Juillard &#8211; Destins &#8211; Dessins\u00a0\u00bb 2008&Prime;"},"content":{"rendered":"<p>Catalogue de l\u2019exposition <strong>Destins-Dessins<\/strong> (2008), format 20\u00d721cm, tout couleur, 36 pages, texte de Pierre Christin, Thierry Bellefroid et Eric Lavanchy. Existe \u00e9galement en tirage de t\u00eate.<\/p>\n","protected":false},"excerpt":{"rendered":"<p>Catalogue de l\u2019exposition Destins-Dessins (2008), format 20\u00d721cm, tout couleur, 36 pages, texte de Pierre Christin, Thierry Bellefroid et Eric Lavanchy. Existe \u00e9galement en tirage de t\u00eate.<\/p>\n","protected":false},"featured_media":17,"comment_status":"open","ping_status":"closed","template":"","meta":[],"_links":{"self":[{"href":"https:\/\/bdfil.ch\/boutique\/wp-json\/wp\/v2\/product\/16"}],"collection":[{"href":"https:\/\/bdfil.ch\/boutique\/wp-json\/wp\/v2\/product"}],"about":[{"href":"https:\/\/bdfil.ch\/boutique\/wp-json\/wp\/v2\/types\/product"}],"replies":[{"embeddable":true,"href":"https:\/\/bdfil.ch\/boutique\/wp-json\/wp\/v2\/comments?post=16"}],"wp:featuredmedia":[{"embeddable":true,"href":"https:\/\/bdfil.ch\/boutique\/wp-json\/wp\/v2\/media\/17"}],"wp:attachment":[{"href":"https:\/\/bdfil.ch\/boutique\/wp-json\/wp\/v2\/media?parent=16"}],"curies":[{"name":"wp","href":"https:\/\/api.w.org\/{rel}","templated":true}]}}