{"id":256,"date":"2013-08-29T13:51:07","date_gmt":"2013-08-29T11:51:07","guid":{"rendered":"http:\/\/www.bdfil.ch\/boutique\/produit\/affiches\/affiche-2012-format-f4-copier\/"},"modified":"2023-06-13T15:26:52","modified_gmt":"2023-06-13T13:26:52","slug":"affiche-2013-format-f4","status":"publish","type":"product","link":"https:\/\/bdfil.ch\/boutique\/produit\/affiche-2013-format-f4\/","title":{"rendered":"Affiche 2013 Format F4"},"content":{"rendered":"<p>Affiche de l&rsquo;\u00e9dition 2013 de BD-FIL, dessin\u00e9e par Enrico Marini (invit\u00e9 d&rsquo;honneur de cette \u00e9dition) et adapt\u00e9e par Philippe Ravon. Format F4, avec logos.<\/p>\n","protected":false},"excerpt":{"rendered":"<p>Affiche de l&rsquo;\u00e9dition 2013 de BD-FIL, dessin\u00e9e par Enrico Marini (invit\u00e9 d&rsquo;honneur de cette \u00e9dition) et adapt\u00e9e par Philippe Ravon. Format F4, avec logos.<\/p>\n","protected":false},"featured_media":271,"comment_status":"open","ping_status":"closed","template":"","meta":[],"_links":{"self":[{"href":"https:\/\/bdfil.ch\/boutique\/wp-json\/wp\/v2\/product\/256"}],"collection":[{"href":"https:\/\/bdfil.ch\/boutique\/wp-json\/wp\/v2\/product"}],"about":[{"href":"https:\/\/bdfil.ch\/boutique\/wp-json\/wp\/v2\/types\/product"}],"replies":[{"embeddable":true,"href":"https:\/\/bdfil.ch\/boutique\/wp-json\/wp\/v2\/comments?post=256"}],"wp:featuredmedia":[{"embeddable":true,"href":"https:\/\/bdfil.ch\/boutique\/wp-json\/wp\/v2\/media\/271"}],"wp:attachment":[{"href":"https:\/\/bdfil.ch\/boutique\/wp-json\/wp\/v2\/media?parent=256"}],"curies":[{"name":"wp","href":"https:\/\/api.w.org\/{rel}","templated":true}]}}