{"id":417,"date":"2014-09-04T12:15:55","date_gmt":"2014-09-04T10:15:55","guid":{"rendered":"http:\/\/www.bdfil.ch\/boutique\/?post_type=product&#038;p=417"},"modified":"2020-10-08T15:26:08","modified_gmt":"2020-10-08T13:26:08","slug":"affiche-2014-format-f4","status":"publish","type":"product","link":"https:\/\/bdfil.ch\/boutique\/produit\/affiche-2014-format-f4\/","title":{"rendered":"Affiche 2014 Trondheim Format F4 avec logos"},"content":{"rendered":"<p>Affiche de l\u2019\u00e9dition 2014 de BD-FIL, dessin\u00e9e par Lewis Trondheim, invit\u00e9 d\u2019honneur de cette \u00e9dition. Format F4, avec logos.<\/p>\n","protected":false},"excerpt":{"rendered":"<p>Affiche de l\u2019\u00e9dition 2014 de BD-FIL, dessin\u00e9e par Lewis Trondheim, invit\u00e9 d\u2019honneur de cette \u00e9dition. Format F4, avec logos.<\/p>\n","protected":false},"featured_media":525,"comment_status":"open","ping_status":"closed","template":"","meta":[],"_links":{"self":[{"href":"https:\/\/bdfil.ch\/boutique\/wp-json\/wp\/v2\/product\/417"}],"collection":[{"href":"https:\/\/bdfil.ch\/boutique\/wp-json\/wp\/v2\/product"}],"about":[{"href":"https:\/\/bdfil.ch\/boutique\/wp-json\/wp\/v2\/types\/product"}],"replies":[{"embeddable":true,"href":"https:\/\/bdfil.ch\/boutique\/wp-json\/wp\/v2\/comments?post=417"}],"wp:featuredmedia":[{"embeddable":true,"href":"https:\/\/bdfil.ch\/boutique\/wp-json\/wp\/v2\/media\/525"}],"wp:attachment":[{"href":"https:\/\/bdfil.ch\/boutique\/wp-json\/wp\/v2\/media?parent=417"}],"curies":[{"name":"wp","href":"https:\/\/api.w.org\/{rel}","templated":true}]}}