{"id":480,"date":"2015-09-15T10:51:29","date_gmt":"2015-09-15T08:51:29","guid":{"rendered":"http:\/\/www.bdfil.ch\/boutique\/produit\/affiche-2015-blutch-format-f4-avec-logos\/"},"modified":"2020-10-08T15:26:06","modified_gmt":"2020-10-08T13:26:06","slug":"affiche-2015-blutch-format-f4-avec-logos","status":"publish","type":"product","link":"https:\/\/bdfil.ch\/boutique\/produit\/affiche-2015-blutch-format-f4-avec-logos\/","title":{"rendered":"Affiche 2015 Blutch Format F4 avec logos"},"content":{"rendered":"<p>Affiche Blutch de l\u2019\u00e9dition 2015 de BDFIL, dessin\u00e9e par Blutch, invit\u00e9 d\u2019honneur de cette \u00e9dition. Format F4, avec logos.<\/p>\n","protected":false},"excerpt":{"rendered":"<p>Affiche Blutch de l\u2019\u00e9dition 2015 de BDFIL, dessin\u00e9e par Blutch, invit\u00e9 d\u2019honneur de cette \u00e9dition. Format F4, avec logos.<\/p>\n","protected":false},"featured_media":481,"comment_status":"open","ping_status":"closed","template":"","meta":[],"_links":{"self":[{"href":"https:\/\/bdfil.ch\/boutique\/wp-json\/wp\/v2\/product\/480"}],"collection":[{"href":"https:\/\/bdfil.ch\/boutique\/wp-json\/wp\/v2\/product"}],"about":[{"href":"https:\/\/bdfil.ch\/boutique\/wp-json\/wp\/v2\/types\/product"}],"replies":[{"embeddable":true,"href":"https:\/\/bdfil.ch\/boutique\/wp-json\/wp\/v2\/comments?post=480"}],"wp:featuredmedia":[{"embeddable":true,"href":"https:\/\/bdfil.ch\/boutique\/wp-json\/wp\/v2\/media\/481"}],"wp:attachment":[{"href":"https:\/\/bdfil.ch\/boutique\/wp-json\/wp\/v2\/media?parent=480"}],"curies":[{"name":"wp","href":"https:\/\/api.w.org\/{rel}","templated":true}]}}