{"id":714,"date":"2017-10-17T14:47:50","date_gmt":"2017-10-17T12:47:50","guid":{"rendered":"http:\/\/www.bdfil.ch\/boutique\/?post_type=product&#038;p=714"},"modified":"2020-12-07T11:45:13","modified_gmt":"2020-12-07T09:45:13","slug":"revue-bedephile","status":"publish","type":"product","link":"https:\/\/bdfil.ch\/boutique\/produit\/revue-bedephile\/","title":{"rendered":"Revue B\u00e9d\u00e9phile #3 (en librairie uniquement)"},"content":{"rendered":"<p><em>D&rsquo;une valeur de CHF 33.-, elle ne peut pas \u00eatre achet\u00e9e sur notre boutique en ligne, mais se trouve dans toutes les bonnes librairies.<\/em><\/p>\n<p>La Revue <em>B\u00e9d\u00e9phile<\/em> a pour ambition d&rsquo;\u00eatre un lieu de r\u00e9flexion et d&rsquo;\u00e9change sur la bande dessin\u00e9e et ses auteurs, r\u00e9unissant des artistes de tous pays.<\/p>\n<p>Aux planches du projet de commande, s&rsquo;ajoutent des articles de qualit\u00e9, de nombreux retours sur l&rsquo;\u00e9dition pr\u00e9c\u00e9dente du festival et bien plus encore&#8230;<\/p>\n<p>&nbsp;<\/p>\n<ul>\n<li>Num\u00e9ro 1 :\u00a0<a href=\"http:\/\/www.leseditionsnoirsurblanc.fr\/la-revue-bedephile--collectif-9782882503947\" target=\"_blank\" rel=\"noopener noreferrer\">http:\/\/www.leseditionsnoirsurblanc.fr\/la-revue-bedephile&#8211;collectif-9782882503947<\/a><\/li>\n<li>Num\u00e9ro 2 :\u00a0<a href=\"http:\/\/www.leseditionsnoirsurblanc.fr\/la-revue-bedephile-2--collectif-9782882504357\" target=\"_blank\" rel=\"noopener noreferrer\">http:\/\/www.leseditionsnoirsurblanc.fr\/la-revue-bedephile-2&#8211;collectif-9782882504357<\/a><\/li>\n<li>Num\u00e9ro 3 :\u00a0<a href=\"http:\/\/www.leseditionsnoirsurblanc.fr\/la-revue-bedephile-3--collectif-9782882504753\" target=\"_blank\" rel=\"noopener noreferrer\">http:\/\/www.leseditionsnoirsurblanc.fr\/la-revue-bedephile-3&#8211;collectif-9782882504753<\/a><\/li>\n<\/ul>\n<p>&nbsp;<\/p>\n<p><a href=\"http:\/\/www.bdfil.ch\/boutique\/wp-content\/uploads\/2017\/10\/Editions_Noir_sur_Blanc_NB.png\"><img loading=\"lazy\" class=\"alignnone wp-image-719\" src=\"http:\/\/www.bdfil.ch\/boutique\/wp-content\/uploads\/2017\/10\/Editions_Noir_sur_Blanc_NB-300x64.png\" alt=\"Editions_Noir_sur_Blanc_NB\" width=\"183\" height=\"39\" srcset=\"https:\/\/bdfil.ch\/boutique\/wp-content\/uploads\/2017\/10\/Editions_Noir_sur_Blanc_NB-300x64.png 300w, https:\/\/bdfil.ch\/boutique\/wp-content\/uploads\/2017\/10\/Editions_Noir_sur_Blanc_NB-416x89.png 416w, https:\/\/bdfil.ch\/boutique\/wp-content\/uploads\/2017\/10\/Editions_Noir_sur_Blanc_NB-1024x219.png 1024w, https:\/\/bdfil.ch\/boutique\/wp-content\/uploads\/2017\/10\/Editions_Noir_sur_Blanc_NB.png 1656w\" sizes=\"(max-width: 183px) 100vw, 183px\" \/><\/a><\/p>\n","protected":false},"excerpt":{"rendered":"<p><em>Ne peut pas \u00eatre command\u00e9e en ligne, mais est disponible dans toutes les bonnes librairies.<\/em><\/p>\n<p>Revue du festival contenant les planches du projet de commande, s&rsquo;ajoutent des articles de qualit\u00e9, de nombreux retours sur l&rsquo;\u00e9dition pr\u00e9c\u00e9dente\u00a0et bien plus encore&#8230;<\/p>\n<p>Co\u00e9dit\u00e9e par BDFIL et les Editions Noir sur Blanc<\/p>\n<p>&nbsp;<\/p>\n<p><a href=\"http:\/\/www.bdfil.ch\/boutique\/wp-content\/uploads\/2017\/10\/Editions_Noir_sur_Blanc_NB.png\"><img loading=\"lazy\" class=\"alignnone size-medium wp-image-719\" src=\"http:\/\/www.bdfil.ch\/boutique\/wp-content\/uploads\/2017\/10\/Editions_Noir_sur_Blanc_NB-300x64.png\" alt=\"Editions_Noir_sur_Blanc_NB\" width=\"300\" height=\"64\" srcset=\"https:\/\/bdfil.ch\/boutique\/wp-content\/uploads\/2017\/10\/Editions_Noir_sur_Blanc_NB-300x64.png 300w, https:\/\/bdfil.ch\/boutique\/wp-content\/uploads\/2017\/10\/Editions_Noir_sur_Blanc_NB-416x89.png 416w, https:\/\/bdfil.ch\/boutique\/wp-content\/uploads\/2017\/10\/Editions_Noir_sur_Blanc_NB-1024x219.png 1024w, https:\/\/bdfil.ch\/boutique\/wp-content\/uploads\/2017\/10\/Editions_Noir_sur_Blanc_NB.png 1656w\" sizes=\"(max-width: 300px) 100vw, 300px\" \/><\/a><\/p>\n","protected":false},"featured_media":715,"comment_status":"open","ping_status":"closed","template":"","meta":[],"_links":{"self":[{"href":"https:\/\/bdfil.ch\/boutique\/wp-json\/wp\/v2\/product\/714"}],"collection":[{"href":"https:\/\/bdfil.ch\/boutique\/wp-json\/wp\/v2\/product"}],"about":[{"href":"https:\/\/bdfil.ch\/boutique\/wp-json\/wp\/v2\/types\/product"}],"replies":[{"embeddable":true,"href":"https:\/\/bdfil.ch\/boutique\/wp-json\/wp\/v2\/comments?post=714"}],"wp:featuredmedia":[{"embeddable":true,"href":"https:\/\/bdfil.ch\/boutique\/wp-json\/wp\/v2\/media\/715"}],"wp:attachment":[{"href":"https:\/\/bdfil.ch\/boutique\/wp-json\/wp\/v2\/media?parent=714"}],"curies":[{"name":"wp","href":"https:\/\/api.w.org\/{rel}","templated":true}]}}