{"id":818,"date":"2019-11-13T13:15:45","date_gmt":"2019-11-13T11:15:45","guid":{"rendered":"http:\/\/www.bdfil.ch\/boutique\/?post_type=product&#038;p=818"},"modified":"2020-12-07T11:44:42","modified_gmt":"2020-12-07T09:44:42","slug":"revue-bedephile-5","status":"publish","type":"product","link":"https:\/\/bdfil.ch\/boutique\/produit\/revue-bedephile-5\/","title":{"rendered":"Revue B\u00e9d\u00e9phile #5"},"content":{"rendered":"","protected":false},"excerpt":{"rendered":"<p>Cinqui\u00e8me num\u00e9ro de la revue annuelle B\u00e9d\u00e9phile.<br \/>\nContient de nombreux articles sur Alex Baladi, un dossier sur Lausanne en BD ainsi qu&rsquo;une reproduction du projet de commande li\u00e9 \u00e0 l&rsquo;exposition \u00ab\u00a0Lausanne en BD\u00a0\u00bb<br \/>\n236 pages<\/p>\n","protected":false},"featured_media":817,"comment_status":"open","ping_status":"closed","template":"","meta":[],"_links":{"self":[{"href":"https:\/\/bdfil.ch\/boutique\/wp-json\/wp\/v2\/product\/818"}],"collection":[{"href":"https:\/\/bdfil.ch\/boutique\/wp-json\/wp\/v2\/product"}],"about":[{"href":"https:\/\/bdfil.ch\/boutique\/wp-json\/wp\/v2\/types\/product"}],"replies":[{"embeddable":true,"href":"https:\/\/bdfil.ch\/boutique\/wp-json\/wp\/v2\/comments?post=818"}],"wp:featuredmedia":[{"embeddable":true,"href":"https:\/\/bdfil.ch\/boutique\/wp-json\/wp\/v2\/media\/817"}],"wp:attachment":[{"href":"https:\/\/bdfil.ch\/boutique\/wp-json\/wp\/v2\/media?parent=818"}],"curies":[{"name":"wp","href":"https:\/\/api.w.org\/{rel}","templated":true}]}}