{"id":913,"date":"2020-10-08T16:16:35","date_gmt":"2020-10-08T14:16:35","guid":{"rendered":"http:\/\/www.bdfil.ch\/boutique\/?post_type=product&#038;p=913"},"modified":"2024-10-01T17:36:00","modified_gmt":"2024-10-01T15:36:00","slug":"affiches-bdfil-2020-editions-limitees","status":"publish","type":"product","link":"https:\/\/bdfil.ch\/boutique\/produit\/affiches-bdfil-2020-editions-limitees\/","title":{"rendered":"Affiches BDFIL 2020 &#8211; Editions limit\u00e9es &#8211; Format F4"},"content":{"rendered":"","protected":false},"excerpt":{"rendered":"<p>S\u00e9rie d&rsquo;affiches en \u00e9dition limit\u00e9e au format F4 (mondial) sans logo<\/p>\n","protected":false},"featured_media":917,"comment_status":"open","ping_status":"closed","template":"","meta":[],"_links":{"self":[{"href":"https:\/\/bdfil.ch\/boutique\/wp-json\/wp\/v2\/product\/913"}],"collection":[{"href":"https:\/\/bdfil.ch\/boutique\/wp-json\/wp\/v2\/product"}],"about":[{"href":"https:\/\/bdfil.ch\/boutique\/wp-json\/wp\/v2\/types\/product"}],"replies":[{"embeddable":true,"href":"https:\/\/bdfil.ch\/boutique\/wp-json\/wp\/v2\/comments?post=913"}],"wp:featuredmedia":[{"embeddable":true,"href":"https:\/\/bdfil.ch\/boutique\/wp-json\/wp\/v2\/media\/917"}],"wp:attachment":[{"href":"https:\/\/bdfil.ch\/boutique\/wp-json\/wp\/v2\/media?parent=913"}],"curies":[{"name":"wp","href":"https:\/\/api.w.org\/{rel}","templated":true}]}}